2*s = 77 + m. What is the greatest common factor of j and 14?
14
Suppose 40 = 2*h + 3*h. Suppose y - 12 = -h. Suppose 4 = -3*t - 5*r, -y*t - r = -0*r - 23. Calculate the greatest common factor of 14 and t.
7
Let y be 48/10*((-988)/(-57) - -16). What is the highest common factor of 416 and y?
32
Let s be (11 - (-209 + 1)) + (-16)/4. What is the greatest common factor of 473 and s?
43
Let d(i) = -i + 1. Let q(z) = -z**3 + 24*z**2 + 21*z - 15. Let h(m) = 4*d(m) - q(m). Let r be h(25). What is the highest common divisor of r and 19?
19
Let a be 29/((11/33)/(4/6)). What is the greatest common factor of a and 290?
58
Suppose 2*c = -0*c + 210. Let w(u) = 8*u + 8. Let i be w(5). Suppose -5*n + i = 2*z + z, -30 = -2*z - 4*n. What is the highest common factor of c and z?
21
Suppose -g = -4*f + 51, 0 = -g - 0*g - 3*f - 23. Let i be (12/(-10))/(((-12)/g)/(-6)). Calculate the highest common divisor of i and 21.
21
Suppose -i = 3*k - 5307, -4*i - 2267 = -4*k + 4809. What is the highest common divisor of 61 and k?
61
Let a = -41 - -348. Let v = a - 217. What is the highest common factor of 18 and v?
18
Suppose 8*m - 22 - 586 = 0. Calculate the greatest common divisor of m and 171.
19
Suppose 0 = -4*s - 5*s + 243. Let i be 6/(-9)*(4 - 1). Let u be i/4 + s/18. What is the highest common divisor of 8 and u?
1
Let w = 113 + -109. Suppose 3*c = -w*c + 35. Calculate the highest common factor of c and 20.
5
Let g = 55 + -49. Suppose 6 = -g*s + 8*s. What is the highest common divisor of s and 24?
3
Suppose -3*z + 52 = z. Let n be (9 + -1)*(-2 + z). What is the highest common factor of n and 8?
8
Let n = -32 - -34. Suppose n*h - 90 = -3*h. What is the greatest common factor of 108 and h?
18
Suppose 5*c + 2*b - 165 = b, 3*c = 3*b + 81. What is the greatest common divisor of 8 and c?
8
Let k be 123/39 - (-2)/(-13). Suppose -2*b - 64 = -k*b. What is the greatest common divisor of b and 16?
16
Let o(d) = 2*d + 13. Let w be o(6). What is the greatest common factor of w and 3?
1
Let q(f) = -f**3 - f**2 + 21. Let t be q(0). Let m be -2*(-1 + 3)/((-28)/t). Calculate the greatest common factor of m and 3.
3
Let i(g) = 15*g - 22. Suppose 34*a = 38*a - 88. Let c be i(a). Calculate the highest common factor of 28 and c.
28
Suppose 9*b - 216 - 45 = 0. Let s be (-1 + -1)/(4/(-58)). What is the highest common divisor of s and b?
29
Suppose 27*c - 269 = -107. Calculate the greatest common factor of c and 9.
3
Let b = 24 - 11. Suppose -b*f + 17 = -12*f. Calculate the greatest common divisor of 85 and f.
17
Let n be (-2)/7 - (-35968)/56. Calculate the greatest common factor of 6 and n.
6
Suppose -76 + 12 = -4*y. Suppose 4*r - 2*w - 86 - 224 = 0, 0 = 3*r + 3*w - 255. Calculate the greatest common divisor of r and y.
16
Let b be (-2167)/(-33) + 1/(-3)*2. What is the greatest common factor of b and 13?
13
Let s(t) = -t**2 + 21*t + 11. Let y be s(11). Calculate the highest common divisor of y and 11.
11
Let f(g) = -2*g**3 + 13*g**2 - 13*g + 6. Let r be f(5). What is the highest common factor of 208 and r?
16
Let t(a) = 13*a**2 + 38*a + 175. Let j be t(-5). Calculate the highest common divisor of 70 and j.
10
Let f = 122 - 87. Let n be 36/10 + (-21)/f. Calculate the greatest common divisor of n and 1.
1
Let t(x) = x**3 - 12*x**2 + 8*x - 5. Let y be t(11). Let a be y/10 + 4 + (-134)/(-5). What is the highest common factor of a and 18?
9
Let p be (-6)/1*4/(-6). Suppose 0 = p*x - 12, 0 = o - 4*o - 5*x + 90. What is the highest common divisor of 10 and o?
5
Let s(a) be the first derivative of a**4/4 + 3*a**3 + 3*a**2 - 11*a + 3. Let x be s(-8). Let v = -1662 + 1707. Calculate the highest common divisor of v and x.
5
Let x be 3/(-4) - 52275/(-68). Calculate the highest common factor of x and 48.
48
Suppose 22*w - 2288 = 11*w. Suppose 14 = a - 0*a - 4*k, 118 = 5*a - 4*k. Calculate the highest common divisor of a and w.
26
Suppose 0 = 23*a - 24*a + 253. What is the highest common factor of 23 and a?
23
Suppose -2*g = -p - 74 - 48, 3*p + 421 = -5*g. Let l = p + 222. Suppose 4*j - 29 = 43. Calculate the highest common divisor of j and l.
18
Suppose -10*r = -8*r - 290. Let t = r + 62. What is the highest common divisor of 9 and t?
9
Let v = 37 + -21. Suppose -3*f - 3*o = -o - v, 3*f + 5*o = 31. Suppose 5*s = b + 2*b + 71, -20 = -f*s + 4*b. What is the highest common divisor of 2 and s?
2
Let u(k) = k**2 + 2*k - 1. Let p be u(-4). Suppose 65 = -2*t + p*t. Let z = 22 - t. Calculate the greatest common factor of 81 and z.
9
Let w be 4 - 8 - -1*24. Let j = w + -10. Suppose -28 = -n + 4*s + 10, 4*n + 3*s = 114. Calculate the highest common factor of j and n.
10
Let k = -31 - -27. Let f be (2/k)/(-4*6/480). Calculate the highest common factor of f and 70.
10
Suppose 45 + 195 = 4*h. Calculate the greatest common factor of h and 40.
20
Let c be (-46)/(((-31)/155)/((-32)/(-10))). What is the greatest common factor of c and 46?
46
Let t be (-155)/(-5) - 1*-2. Let s be (-10)/(-15)*t - -3. Calculate the greatest common divisor of s and 10.
5
Let f = 98 + -53. What is the highest common divisor of 18 and f?
9
Suppose w - 200 = -126. Calculate the highest common factor of w and 814.
74
Let n(c) = c**2 - 5*c + 3. Let s be n(6). Let z(j) = j**3 - 10*j**2 + 11*j - 12. Let i be z(s). Calculate the greatest common factor of 8 and i.
2
Let j(x) = -x**2 - 13*x - 12. Let l be j(-10). Suppose -i + l = i. Suppose 0 = 8*w - 3*w - 15. What is the greatest common factor of i and w?
3
Suppose -5*n - 40 = -200. What is the greatest common divisor of 20 and n?
4
Suppose -4*u - 371 = -g, -5*g - 12*u + 8*u = -1807. Calculate the highest common factor of g and 231.
33
Suppose -h - 22 = -s + 202, -2*s - h + 448 = 0. What is the greatest common factor of 32 and s?
32
Let c be ((-3)/(-6) + 3 - 4)*-98. Suppose 0 = -10*f + 3*f + c. Calculate the highest common divisor of 49 and f.
7
Let w = -1955 + 1972. Let f = -5 - -73. What is the highest common divisor of f and w?
17
Suppose 3*d + 362 = -l + 7*d, -352 = l + d. Let f be l/(-12) + 9/(-6). Calculate the greatest common factor of f and 7.
7
Suppose -4*i - 2*n = -114, 4*i - n + 0*n = 111. Let t = 42 - i. Let d be (2/1)/((-2)/(-28)). What is the highest common divisor of t and d?
14
Let l be (1 - -3) + (-2 - 0). Suppose l*u = 281 + 39. What is the highest common factor of 20 and u?
20
Let s(j) = -24*j**2 - 4*j - 6. Let r be s(-2). Let m be (r - -1)*(1 - (-15)/(-9)). Calculate the highest common divisor of 155 and m.
31
Let y(v) be the second derivative of -13*v**3/6 + 23*v**2/2 - 2*v + 2. Let d be y(-3). Calculate the highest common divisor of d and 2.
2
Suppose 0 = 2*q - 2*i - 38, 28 = 2*q + 3*i - 15. Let z be q + 5 - (-4)/(-1). Suppose -5*t = -355 - 65. What is the highest common factor of z and t?
21
Suppose 2*j + 5 = 3*j. Let m = j - -7. Suppose -m*s + 45 = -7*s. What is the greatest common divisor of s and 36?
9
Let g(l) = 2*l**2 - 11*l + 7. Let h be g(5). Suppose h*o - 1 = 1. Suppose -3*b + 5*n + 16 = -2*b, 3*b + n = 32. Calculate the highest common divisor of o and b.
1
Let r(t) = -15*t + 315. Let o be r(9). Calculate the greatest common factor of o and 105.
15
Suppose 84 = 39*g - 33*g. What is the greatest common factor of g and 406?
14
Suppose -5*w + 4*r = 5*r - 19, 3*r = -4*w + 13. Suppose i - 3*i = 2*y - 24, 5*i = -w*y + 51. Calculate the greatest common divisor of 3 and y.
3
Suppose 4*c - 22 = 86. Let v(o) = -o + 147. Let l be v(12). Calculate the highest common factor of c and l.
27
Suppose 13*b - 829 = 2044. What is the highest common divisor of 51 and b?
17
Let r = -1122 + 1382. Calculate the greatest common divisor of r and 715.
65
Let l(m) = 2*m**2 + 32*m + 125. Let i be l(-26). Calculate the highest common divisor of i and 45.
15
Suppose -2*j + 2*f + 28 = -24, 5*j + 5*f - 160 = 0. What is the highest common divisor of j and 116?
29
Let j be 2/(129/(-45) - -3). Let s be ((-6)/5)/((-6)/j). Suppose 5*m = 2*k + 4, 4*m - 4*k + s*k = 5. What is the highest common factor of 10 and m?
2
Suppose 0 = v - 41*x + 36*x - 33, 0 = x + 3. What is the greatest common divisor of v and 342?
18
Suppose l + 50 = 3*u, 2*u + 11*l - 8*l - 37 = 0. Let k = 148 - 63. Calculate the highest common divisor of k and u.
17
Let o(k) = k**3 - 4*k**2 + 6*k - 4. Let m be o(4). Suppose 2*x - m = -4*r -